 divisor of g and w.
5
Suppose -3*v = 2*v - 910. Let l be -3*((-3861)/(-495))/(((-324)/40)/9). Calculate the highest common divisor of l and v.
26
Let m = 24 - -1056. Suppose -a - 40 = j - 580, -2*a + m = -j. Calculate the highest common divisor of a and 20.
20
Let f be (-96 - 21/3) + 2. Let g = f + 123. Calculate the greatest common divisor of 11 and g.
11
Let s be (6 + 2/4 + -5)*16. What is the greatest common divisor of 1788 and s?
12
Let t = 15307 - 9944. What is the greatest common divisor of t and 173?
173
Suppose 66 = 4*s - 2*v, 0 = 3*s - 6*v + v - 39. Suppose -9*p = -3*p + s. Let w be (540/(-8))/p*6/9. What is the highest common divisor of w and 105?
15
Let g be (33/6)/(8/(-243648)*-18). Calculate the highest common divisor of 22 and g.
22
Let x = -32189 + 35539. Calculate the greatest common divisor of 150 and x.
50
Suppose 0 = -5*q + 19 + 71. Let a(w) = -97*w**3 - 4*w**2 - 88*w - 82. Let s be a(-1). Calculate the highest common factor of s and q.
9
Let n(m) = -16*m + 1. Let d be n(6). Let t = d + 143. Suppose 160 = 4*j + j. What is the highest common divisor of t and j?
16
Let v(q) = -1915*q + 15369. Let m be v(8). Calculate the highest common factor of m and 126.
7
Suppose -8*p - 280 = -304 - 1856. What is the greatest common divisor of p and 47?
47
Let x(f) be the first derivative of 3*f**3 + 11*f**2 + 4*f - 10. Let s be x(11). Suppose -4*n - 503 = -s. Calculate the highest common factor of 13 and n.
13
Let a(u) = -u**3 + 22*u**2 - 18*u - 57. Let d be ((-18)/(-15))/((-32)/(-560)). Let y be a(d). What is the greatest common divisor of y and 9?
3
Let r be (34/(-3))/(2/(-3)). Let v be (-8)/(2*(-20)/(-16))*-5. Let t = r + v. Calculate the highest common divisor of 297 and t.
33
Let b(k) = -2*k**2 + 10*k + 47. Let o be b(8). Let f be ((-1242)/230)/(o/5). Calculate the highest common divisor of 45 and f.
9
Suppose -5178 = -16*r - 3*b, -2*b - 379 = -4*r + 921. What is the greatest common factor of r and 144?
36
Let m = 12821 - 12813. What is the highest common factor of m and 188?
4
Suppose -2*l = 3*l - 3*f - 40, -2*f = 2*l. Suppose l*w - 14 = -q, w = 4*q + 3*w - 92. What is the highest common divisor of q and 24?
24
Suppose 0 = -19*v - 155 + 668. Suppose -6*m + 288 = -1818. Calculate the highest common factor of m and v.
27
Suppose -14*f + 9*f - 3*q + 198 = 0, -30 = -5*q. Suppose -44 = 3*o + 16. Let v = o - -38. What is the greatest common factor of v and f?
18
Suppose x - 4*x + 5*c = -107, 0 = 5*x - 4*c - 200. Let n be 3/(-24) + (-115)/40 - -7. Calculate the highest common divisor of x and n.
4
Let j = 154 - 126. Suppose -3*k + 223 = 4*a, k + k - 277 = -5*a. Let y = 97 - a. What is the greatest common factor of y and j?
14
Let w be (-13 - -50) + 140/10. What is the highest common factor of w and 867?
51
Suppose 4*s = 3*h + 488 + 151, 0 = -5*s + 4*h + 798. What is the highest common factor of s and 30?
6
Suppose 2*h - 374 = -0*h. Suppose -x = -2*d + 13 - 46, -x - d + 33 = 0. What is the greatest common divisor of x and h?
11
Suppose 2*j = 4*x - 10174, 2*j - 11 = -9. Calculate the greatest common divisor of 48 and x.
48
Suppose 0 = 3*x - 5*g - 6875, 11473 = 515*x - 510*x - g. Calculate the greatest common divisor of 1785 and x.
255
Suppose 0 = 21*h - 99406 + 8539. Calculate the greatest common factor of 1 and h.
1
Suppose -o + 18 = 4. Let l(i) = 4*i**2 + 2*i + 1. Let t be l(-1). Suppose -5*b + t*u - 1 = -21, -b + 4 = 3*u. What is the greatest common factor of o and b?
2
Let v(j) = j**2 + j + 102. Let s be v(-15). Suppose 4*d = -10*c + 15*c - s, c + 4*d - 48 = 0. What is the highest common divisor of c and 45?
15
Let m(i) = i**3 + 45*i**2 - 6*i - 94. Let u be m(-45). Suppose 0 = -0*o + 3*o - 48. Calculate the greatest common divisor of o and u.
16
Let w(u) = 6*u + 197. Suppose 0 = 5*y - 2 + 157. Let h be w(y). What is the greatest common divisor of 209 and h?
11
Let i = -28128 - -29459. What is the highest common factor of i and 176?
11
Let y(q) = -403*q - 1595. Let t be y(-20). What is the greatest common factor of t and 15?
15
Let c(w) = -3*w - 48. Let i be c(-18). Suppose -i*y = -9*y + 66. What is the greatest common factor of 473 and y?
11
Suppose -67*g + 70*g - 345 = -5*v, 0 = 5*g + v - 553. Calculate the greatest common factor of g and 176.
22
Let i = 688 + -487. Let r = 247 + i. Calculate the greatest common divisor of r and 14.
14
Let i be (-156317)/(-51) - 224/5712. What is the greatest common factor of i and 5?
5
Let q(o) = -4*o - 139. Let a be q(-50). Suppose -a*h - 270 = -66*h. Calculate the greatest common divisor of h and 594.
54
Let l = 209 + -153. Let m(g) = -7*g**3 + 3*g**2 + 2*g. Suppose 14*t - 7*t = -7. Let x be m(t). What is the greatest common factor of l and x?
8
Let t be 21/(420/1580) + 13. What is the greatest common divisor of 668 and t?
4
Let h = -12732 - -12885. What is the highest common divisor of h and 391?
17
Suppose -4*g = -5*r + 4936, -3950 = 39*r - 43*r + 3*g. Calculate the greatest common divisor of r and 1612.
124
Let z be 7 + (2*-2 - -2). Suppose z*j - 154 = 16. Let k = 20838 + -20804. Calculate the highest common factor of j and k.
34
Let r = 3124 - 2938. Calculate the highest common divisor of r and 1271.
31
Let m(t) = -7 + 2*t**2 + 5*t**2 - 6*t**2 + 10*t - 7 + 5*t**2. Let f be m(3). What is the greatest common divisor of f and 1?
1
Suppose -5*y - 2*w + 24 = 7, 4*w + 1 = -3*y. Suppose 0 = 3*r - y*d - 1632, 480 = 2*r - d - 608. What is the highest common factor of r and 34?
34
Let h = 330 + -240. Suppose z + 5*c - 12 = 0, z = -3*z - 4*c + 48. Calculate the greatest common factor of z and h.
6
Let w(t) be the first derivative of 45*t**2 - 27 - 101*t**2 + 47*t**2. Let k be w(-2). Calculate the greatest common factor of 72 and k.
36
Suppose -5*r + 55 = -3*y, -635 = -2*r - 5*y - 582. Calculate the greatest common divisor of r and 4.
2
Let d = 858 + -854. Suppose 33*u = 34*u - d. What is the highest common divisor of 116 and u?
4
Let j be 412 + 1/((-7)/(-56)) - 10. Calculate the highest common factor of 28495 and j.
205
Suppose p - 24*p + 25650 = 34*p. Calculate the greatest common factor of p and 70.
10
Let s = -531 + 686. Let v(t) = -t + 9. Let p be v(6). Suppose 0 = -5*g - p*y - y + 139, g - 51 = 5*y. Calculate the highest common divisor of g and s.
31
Let j(a) = 7*a**3 - a**2 - a - 26. Let z be j(5). Let l = z - 657. What is the highest common divisor of l and 18?
18
Let y(d) = 27302*d + 518763. Let x be y(-19). Let g = -70 + 145. What is the greatest common divisor of x and g?
25
Suppose -3*o - 4*c = 11, o - 2*o - 2 = c. Suppose 2 = o*q - 19. Suppose 5*s - 14 = -v, -v + q = s + 1. What is the greatest common divisor of 32 and v?
4
Let c be -1 - 6 - (-381 + 224). Calculate the highest common divisor of c and 54450.
150
Let u be (-99)/6*18304/(-156). Calculate the greatest common factor of u and 1210.
242
Suppose 70*k + 4*j = 75*k - 56, 4*k + 2*j = 24. Let h = 368 + -168. What is the highest common divisor of k and h?
8
Suppose -2*b - 28 = -9*b. Suppose -b*c - 2*x + 452 = 0, 3*c - 14*x - 332 = -12*x. Calculate the highest common factor of c and 14.
14
Let b(v) = -24*v + 2. Let c be b(-2). Let u = c + -47. Suppose 22 = u*g - g. Calculate the highest common divisor of g and 44.
11
Suppose -23*u = -25*u + 90. Let z(g) = -g**2 - 32*g - 120. Let v be z(-27). What is the highest common divisor of v and u?
15
Let j(p) = 11*p - 21. Let m be j(11). Suppose -3*b - b = -m. Let a = b + -21. What is the greatest common divisor of 4 and a?
4
Suppose 0*u = -3*y - 4*u + 57, -5*u - 57 = -3*y. Let w = 143 + y. Suppose -13*s = -4*s - w. Calculate the greatest common divisor of 2 and s.
2
Suppose -4*t - 9359 = -3*h + 8519, 2*h - 3*t = 11919. Calculate the greatest common factor of h and 36.
18
Let u(a) = 8 - 2*a - 2*a + 5 + 17. Let s be u(7). Suppose 0 = 5*c + 2*p - 35, -3*p = -6*c + c + 10. What is the greatest common divisor of c and s?
1
Let g be (-1897 + 82)*(-5)/3. Calculate the greatest common divisor of 50 and g.
25
Let s = -387 + 402. Let q = 102 + -27. What is the greatest common divisor of q and s?
15
Suppose 11*v = -2*v + 26. Let r be (-2052)/(-19)*v/8. What is the greatest common factor of r and 72?
9
Let u be 10/(-4)*(-60)/25. Suppose -114 = u*w - 438. Calculate the highest common factor of 2 and w.
2
Let 